{"id":10,"date":"2015-12-03T14:10:34","date_gmt":"2015-12-03T12:10:34","guid":{"rendered":"http:\/\/nort.ee\/oppurid\/op31\/?page_id=10"},"modified":"2026-02-01T17:13:56","modified_gmt":"2026-02-01T15:13:56","slug":"esileht","status":"publish","type":"page","link":"https:\/\/anna.eelk.ee\/wordpress\/","title":{"rendered":"Esileht"},"content":{"rendered":"\n<h2 class=\"wp-block-heading\">EELK Anna kogudus tervitab Teid oma kodulehek\u00fcljel!<\/h2>\n\n\n\n<div class=\"wp-block-group is-nowrap is-layout-flex wp-container-core-group-is-layout-1 wp-block-group-is-layout-flex\">\n<p class=\"has-text-align-left\"><span style=\"font-size: 1em;\">Anna kirik asub Tallinn -Tartu maantee \u00e4\u00e4res, Anna k\u00fclas Paide vallas, 16 km. Paidest Tallinna poole. Anna kirik on v\u00e4ikseim kirik J\u00e4rvamaal. Hilisbarokne kirik on ehitatud 1776 &#8211; 1780 a. Istekohti on kirikus 200, seisukohti 300.<\/span><\/p>\n\n\n<\/div>\n\n\n\n<p>Orel p\u00e4rineb aastast 1877. Kirikukellad on valatud Tallinnas, p\u00e4rinevad aastatest 1790 ja 1853. 1892 a. ehitati kirikule praegune altar ja kantsel. Altarimaal &#8220;Aita mind, Issand.&#8221; on valminud \u00fchel ajal kantsli ja altariga ning moodustavad \u00fchtse terviku. Altarimaali autor on Rudolf Julius von M\u00fchlen. Kiriku p\u00f5randal on Georg von Boci hauaplaat, aastaarvuks 1758. Anna kirik kujutab endast barokset saalkirikut, millel puuduvad dekoratiivelemendid. Ta m\u00f5jub oma lihtsuses rahuliku ja puhtana. Kiriku uksed on avatud jumalateenistusteks.<\/p>\n\n\n\n<p>Suvekuudel on kirik avatud Teeliste kirikuna veel igal reedel, laup\u00e4eval ja p\u00fchap\u00e4eval kell 11.00 -16.00.<\/p>\n\n\n<div class=\"wp-block-image\">\n<figure class=\"alignright\"><a href=\"http:\/\/anna.eelk.ee\/wordpress\/wp-content\/uploads\/2016\/04\/orel.jpeg\" target=\"_blank\" rel=\"noopener\"><img loading=\"lazy\" decoding=\"async\" width=\"225\" height=\"300\" src=\"http:\/\/anna.eelk.ee\/wordpress\/wp-content\/uploads\/2016\/04\/orel-225x300.jpeg\" alt=\"orel\" class=\"wp-image-218\" srcset=\"https:\/\/anna.eelk.ee\/wordpress\/wp-content\/uploads\/2016\/04\/orel-225x300.jpeg 225w, https:\/\/anna.eelk.ee\/wordpress\/wp-content\/uploads\/2016\/04\/orel.jpeg 490w\" sizes=\"(max-width: 225px) 100vw, 225px\" \/><\/a><\/figure><\/div>\n\n\n<p>On k\u00fcsitud ,MIDA KIRIK PAKUB ? Kui vastata \u00fcheselt &#8211; lunastust Jeesuses Kristuses &#8211; j\u00e4\u00e4b see m\u00f5iste paljudele kaugeks ja arusaamatuks. Nii nagu elus ikka, toimetame me oma igap\u00e4evaseid tegemisi, ometi peame silmas kaugemat eesm\u00e4rki- n\u00f5nda on ka kirikus. P\u00e4rale j\u00f5udmiseks tuleb teele asuda.<\/p>\n\n\n\n<p>Alguspunkt on RISTIMINE. Inimene s\u00fcnnib lahus Jumalast. Ristimises toimub \u00fchendamine. Inimese laps s\u00fcnnib Jumala lapseks. Paganast saab Jumala laps. Ometigi ei ole see maagiline toiming, vaja on ka usku. Meie usk on teadagi v\u00e4ga v\u00e4ike. Aga Jumal n\u00e4eb s\u00fcdamesse, Tema teab,et me oleme n\u00f5rgad ja Tema pakub abi. Laps reeglina ei tule ise, teda toob vanem v\u00f5i vanemad. Vanemad vastutavad laste eest. Vastutavad ka Jumala ees. Seep\u00e4rast on kirikus n\u00f5ue,et vanemad kes oma lapsi ristida tahavad, oleksid ise kristlased, st. kiriku liikmed. Samuti ka ristivanemad, kes v\u00f5tavad endale \u00fclesande lapsi kristlikult kasvatada. Ristimistalitust on v\u00f5imalik l\u00e4bi viia igal jumalateenistusel v\u00f5i selleks etten\u00e4htud erilistel ristimisjumalateenistustel. T\u00e4iskasvanu, keda ei ole lapsena ristitud, saab enne \u00f5petust, et ta v\u00f5iks teadlikult oma otsuse teha. T\u00e4iskasvanute \u00f5petust nimetatakse LEERI\u00d5PETUSEKS.<\/p>\n\n\n<div class=\"wp-block-image\">\n<figure class=\"alignleft\"><a href=\"http:\/\/anna.eelk.ee\/wordpress\/wp-content\/uploads\/2016\/04\/kiriku-sisevaade.jpeg\" target=\"_blank\" rel=\"noopener\"><img loading=\"lazy\" decoding=\"async\" width=\"225\" height=\"300\" src=\"http:\/\/anna.eelk.ee\/wordpress\/wp-content\/uploads\/2016\/04\/kiriku-sisevaade-225x300.jpeg\" alt=\"kiriku sisevaade\" class=\"wp-image-217\" srcset=\"https:\/\/anna.eelk.ee\/wordpress\/wp-content\/uploads\/2016\/04\/kiriku-sisevaade-225x300.jpeg 225w, https:\/\/anna.eelk.ee\/wordpress\/wp-content\/uploads\/2016\/04\/kiriku-sisevaade.jpeg 490w\" sizes=\"(max-width: 225px) 100vw, 225px\" \/><\/a><\/figure><\/div>\n\n\n<p>Leeri\u00f5petusel osalevad ka lastena ristitud, kes selleks soovi avaldavad. Leeri\u00f5petuses \u00f5pitakse tundma kristliku usu p\u00f5hit\u00f5desid, uuritakse Piiblit, et kasvada osaduses Jumala perekonnaga, olla kristlane igal oma elup\u00e4eval. Leeri\u00f5petus l\u00f5peb piduliku talitusega&#8211;LEERI\u00d5NNISTUSEGA. Sel p\u00e4eval v\u00f5etakse Sind vastu kiriku liikmeks. Kui inimene s\u00fcnnib ilma, on ta v\u00e4eti. Ta vajab palju hoolt ja armastust, vajab ka eakohast toitu, et kasvada. Nii on lugu ka vaimse toiduga. Kust saada seda vaimset toitu, et n\u00e4lga ei j\u00e4\u00e4ks? P\u00fchap\u00e4evastel JUMALATEENISTUSTEL. Jumal ei j\u00e4ta sind kunagi. Inimese osaks on Jumalat kiita ja t\u00e4nada ning paluda, mis meile ihu ja hinge poolest tarvis on. Elus juhtub m\u00f5ndagi ja v\u00f5ib juhtuda, et oleme eksinud teiste vastu, iseenda vastu. S\u00fcda on raske, stress r\u00fcndab ja rahu ei saa. Jumal pakub abi: tule ja PIHI. Kui me ihu puhastame saunas, siis hinge &#8220;saun&#8221; on piht. Igal jumalateenistusel on \u00fcldpiht, kus inimene s\u00fcdames m\u00f5tleb Jumala ees enda olukordade \u00fcle. Kuid on olemas ka erapiht, kus pihtija ja kiriku\u00f5petaja on kahekesi Jumala ees ja kiriku\u00f5petaja v\u00f5tab pihi vastu ning kuulutab Jumala armu, k\u00f5ikide eksimuste kustutamist. Sa oled vaba, hing saab rahu. Vaimulikul on kohustus pihisaladust hoida. \u00dcheks murranguliseks ajaks meie elus on elukaaslase valik, abiellumine, oma pere loomine. Ristiinimesed tulevad Jumala ette ja neid LAULATATAKSE. Abiellujad annavad abielut\u00f5otuse ja paluvad ning v\u00f5tavad vastu Jumalalt \u00f5nnistuse edasisele kooselule.<\/p>\n\n\n\n<p>K\u00f5ik ajalik peab \u00fckskord n\u00e4htavalt otsa saama, nii ka inimese maapealne elu. &#8220;Ja me l\u00e4heme lennates \u00e4ra &#8220;, nagu \u00fctleb P\u00fchakiri. Me saadame oma lahkunud omaksed KRISTLIKU MATUSETALITUSEGA teele, palume lahkunu p\u00e4rast ja iseenda p\u00e4rast Jumalat. Lahkunu v\u00f5etakse vastu rahusse, meie aga vajame valusas leinas lohutust ja rahu, mida Taevane Isa \u00fcksi anda suudab. Inimese s\u00f5nad on sageli j\u00f5uetud.<\/p>\n\n\n\n<p>Nii saadab Kirik inimest s\u00fcnnist ajaliku surmani. On meie k\u00f5rval, on meile toeks, et saada k\u00e4tte LUNASTUS ja lunastuse l\u00e4bi IGAVENE ELU.<\/p>\n\n\n\n<p>Lea Heinaste<\/p>\n","protected":false},"excerpt":{"rendered":"<p>EELK Anna kogudus tervitab Teid oma kodulehek\u00fcljel! Anna kirik asub Tallinn -Tartu maantee \u00e4\u00e4res, Anna k\u00fclas Paide vallas, 16 km. Paidest Tallinna poole. Anna kirik on v\u00e4ikseim kirik J\u00e4rvamaal. Hilisbarokne kirik on ehitatud 1776 &#8211; 1780 a. Istekohti on kirikus 200, seisukohti 300. Orel p\u00e4rineb aastast 1877. Kirikukellad on valatud Tallinnas, p\u00e4rinevad aastatest 1790 ja [&hellip;]<\/p>\n","protected":false},"author":1,"featured_media":0,"parent":0,"menu_order":0,"comment_status":"closed","ping_status":"closed","template":"","meta":{"footnotes":""},"aioseo_notices":[],"_links":{"self":[{"href":"https:\/\/anna.eelk.ee\/wordpress\/wp-json\/wp\/v2\/pages\/10"}],"collection":[{"href":"https:\/\/anna.eelk.ee\/wordpress\/wp-json\/wp\/v2\/pages"}],"about":[{"href":"https:\/\/anna.eelk.ee\/wordpress\/wp-json\/wp\/v2\/types\/page"}],"author":[{"embeddable":true,"href":"https:\/\/anna.eelk.ee\/wordpress\/wp-json\/wp\/v2\/users\/1"}],"replies":[{"embeddable":true,"href":"https:\/\/anna.eelk.ee\/wordpress\/wp-json\/wp\/v2\/comments?post=10"}],"version-history":[{"count":85,"href":"https:\/\/anna.eelk.ee\/wordpress\/wp-json\/wp\/v2\/pages\/10\/revisions"}],"predecessor-version":[{"id":859,"href":"https:\/\/anna.eelk.ee\/wordpress\/wp-json\/wp\/v2\/pages\/10\/revisions\/859"}],"wp:attachment":[{"href":"https:\/\/anna.eelk.ee\/wordpress\/wp-json\/wp\/v2\/media?parent=10"}],"curies":[{"name":"wp","href":"https:\/\/api.w.org\/{rel}","templated":true}]}}